+ -27 + 1 + 12?
-91
What is the value of 0 + -14 + 135 + (-209 - -71)?
-17
What is (23 - (4 - (-15 + 14)) - 12) + 36?
42
-23 + 192 + -120 + -136
-87
Evaluate -15 - (-7 - (-18 + 33)) - (-15 - (0 + 1)).
23
What is -178 - (-201 + 127 - 59)?
-45
What is (6 - 19 - -144 - -6) + (10 - (-16 - -30))?
133
19 + -26 - -19 - 21 - -17 - (-18 + -1)
27
What is 58 - (-41 - -62 - -79)?
-42
Evaluate -238 - (24 + 58 - 219).
-101
What is the value of -90 + -38 + 18 + 127?
17
Calculate 66 + -72 - (-5 + (7 + 28 - 2)).
-34
What is 221 + -230 + 13 + 7?
11
(-5 - 49) + 61 - (-37 - (-3 - -1 - -3))
45
47 - (19 + 4) - 38
-14
Evaluate -22 - (-11 + 0 + (-30 - -51) + -7).
-25
Evaluate -10 + (-6 + (8 - -4) - 8 - 10) + 19.
-3
Calculate 59 - (119 - 121 - -81).
-20
(-14 - (0 + -2)) + (-2714 - -2754)
28
Evaluate 91 + -137 + 8 + 15.
-23
What is (30 - (-30 + 45)) + 23 + -2?
36
What is 29 - ((80 - 15) + -36) - (2 - (-2 - -1))?
-3
What is the value of 68 + (-1 + (2 - 8) - -46)?
107
What is the value of -12 + 0 + (-70 - -50) + (-4 - 11)?
-47
Calculate (-55 - (-39 + 14 + 21)) + (-5 - 16).
-72
What is the value of -1 - 10 - (-20 - -23) - (490 - 477)?
-27
40 + -25 + 15 + -63
-33
-70 - (-51 - (20 + -39))
-38
What is 14 + -54 + 39 - (19 - -1)?
-21
Evaluate (-33 - -11) + 91 - 133.
-64
Evaluate 43 - (45 + -33 + -14 - -177).
-132
Evaluate -18 - (-3 - (7 + -20) - (-13 - -7)).
-34
What is the value of (4 - (-2 - -21)) + 1990 + -1917?
58
What is (3 - -33) + 7 - 18?
25
Calculate 2 - 0 - (-53 - (13 + -71)) - 126.
-129
What is -49 + (108 - (-3 - -78))?
-16
30 - (49 + 59 - 35)
-43
2 - 17 - (66 + -53 + -1) - -4
-23
What is 35 - -3 - (185 + -62)?
-85
Evaluate (-85 - 2) + -2 - ((13 - 19) + 24 - 30).
-77
(-4 + 12 - (-7 - -11)) + (-1034 - -941)
-89
Calculate (11 - (-2 - (-2 - 13)) - -8) + 50.
56
Calculate 433 + -54 + -287 - ((-3 - -2) + 18).
75
(83 - (-10 - -7 - 11) - 13) + -16
68
Evaluate 3455 + -3497 + (102 - 0).
60
Evaluate -28 - (2 - (5 - (2 - -14 - (-82 - -87)))).
-36
Calculate -25 - (27 + -15 - ((25 - 11) + -6)).
-29
What is the value of (6 - -2) + -8 - (-23 + 10 + -88)?
101
Calculate 103 + (-12 - (72 - 19)).
38
What is (26 - (1 - (36 - 41))) + (-2 - 10)?
8
What is 39 + -127 + 73 - 13?
-28
Calculate 17 + -40 + 3 + 8 + 0 + 40.
28
28 + (-15 - -9 - (16 + -21 + -9))
36
Evaluate (-18 - 3) + 42 + -5 - 19.
-3
-109 - (-3 + 38) - (6 - 11 - 17)
-122
(12 - 1) + 3 + -149 + 2 + 36
-97
What is the value of -2 - 19 - (-9 - -90 - 107)?
5
-28 - 44 - (62 - 47 - 49)
-38
(17 - 12) + -12 + -28 + -27
-62
(-15 - -22 - 15 - 7) + 9 + 16
10
(-8 - -6) + 0 + 11 - 4 - (69 + 37)
-101
What is -3 - (-72 - (7 + -18)) - 11?
47
-22 + 38 + -38 + 20 + 4
2
What is 71 + -84 - (0 + (-6 - (65 + -6)))?
52
Calculate -49 + -56 + 143 + 11.
49
Calculate 139 + -111 - (141 + 4 + -12).
-105
What is the value of 8 + -4 + -47 + 17 + -4?
-30
Evaluate -125 + 1191 + -1146 + -1 + -18.
-99
Evaluate (8 - (-27 + 34)) + -1 + (3 - -33 - 0).
36
What is the value of (31 + -20 - (3 + 11)) + 42?
39
Calculate 41 + 12 + 14 + -55 + (-2 - -49) + 1.
60
What is the value of -134 + 29 + 129 + (1 - 70)?
-45
(3 - 3) + 14 - (-5 + -17 + 15)
21
What is the value of 6 + -2 - (-36 + 27 + 6 + -20)?
27
122 + (-8 - (3 - -32) - -39)
118
What is the value of -1 - 48 - ((-166 - -458) + -336)?
-5
(26 - (-18 - (-173 + -18))) + 10 + 10
-127
Calculate 6 - (-80 - -78 - (-1 - 1)).
6
What is -14 + (-157 - -97) + -31?
-105
What is the value of (-5 - (4 + -10)) + 24 + (2 - (-3 + 13))?
17
What is the value of (-163 - -155 - (3 + -19) - (1 - 72)) + -11?
68
What is the value of 133 + (-8 - 44) + 11?
92
-11 + (1 - (1 + 21 + -2))
-30
Calculate -1 + -77 + -704 + 752.
-30
Calculate -19 + 12 + 7 - (5 + -1 + -2 + -43).
41
What is the value of 18 + (-2 - (-15 - -13) - 36)?
-18
Calculate 34 + (-47 + 40 - 12).
15
Evaluate 36 + (-22 - (43 + 14)) + 2.
-41
What is the value of 10 + (-5 + 5 - 8) - 12 - -41?
31
What is the value of -6 + (3 - 0 - (257 - 265))?
5
Calculate -12 - (-1 + -9 + (-1125 - -1158 - (1 - 3))).
-37
Evaluate 129 - (46 - (-28 - -57) - (-3 - -3)).
112
What is the value of (14 + -60 - 13) + 28?
-31
Evaluate 56 + 11 + (-7 + 9 - (-8 + (-11 - -31))).
57
What is (-3 - 1) + ((7 - -12) + (-10 - 24) - -34)?
15
-9337 + 9266 + (100 - 0)
29
What is the value of (13 - (-9 - -6) - 28) + -23?
-35
What is the value of -30 + 1 - (146 + -154 + -35)?
14
What is 1469 + -1435 + 0 + -124 - 3?
-93
-5193 + 5197 + (10 - (1 + -1))
14
(-1 - -145) + (-12 - -26 - (8 + 1))
149
Evaluate (87 - 0) + 665 + -696.
56
Calculate 38 - (102 - 41 - 2).
-21
Calculate (63 + -40 - 79) + 68.
12
Evaluate ((-4 - 2) + -1 - (752 + -734)) + 4.
-21
Calculate -21 + 98 - (63 - 31).
45
What is the value of 20 + (-28 - -17) - (-2 + -2)?
13
Calculate (18 - (1 + 2 - 2)) + (-16680 - -16667).
4
Evaluate -74 + ((47 - 7) + -12 - (0 - -16)).
-62
Evaluate -24 + -33 + -4 + 5 + -1 + 6.
-51
-103 + 54 + 42 + (2 - 7) + -1 + -40
-53
What is (-43 - (54 - 55)) + 43?
1
Evaluate (-28 - (-1 + (-16 - 3))) + -14 + 113.
91
Evaluate (5 - (-6 - 35)) + (298 - 328).
16
Evaluate -29 + -6 + 47 - (-17 - (-5 - 54)).
-30
Evaluate 81 - (44 + (9 - 4)).
32
-3 + (-2 - 0) - (-74 - (-48 - 12))
9
-59 - ((25 - 30 - -7) + 8)
-69
Evaluate -1 - 6 - (-23 + 28) - 1 - -99.
86
What is the value of 37 - 58 - (-69 + 25)?
23
What is 10 + 22 + -20 + 5 + -58?
-41
-78 - (-18 + 43 + -76)
-27
Calculate -67 + (-1 - (-38 + 51)) + 44.
-37
Evaluate 100 + 15 + (-10 - 16) - 21.
68
Evaluate 13 + (-7 - (17 + -1 - -26)) + -9.
-45
55 + -11 - (18 + -8 + 10) - (-2 - -2)
24
Calculate (67 - 56) + (-7 + (4 - -3) + -2 - 69).
-60
Evaluate 8 + (10 - 12 - (0 - (6 - 4) - 9)).
17
What is -69 + -33 + (-18 - -88)?
-32
Evaluate 43 + (5 + 3 + -27 - -20) + 9.
53
Calculate (-1 - 3 - (2 - 4)) + (140 - 148).
-10
Calculate 1 - -1 - (2 - -104 - ((-38 - -47) + 4)).
-91
What is -78 - (40 + (-32 - (3 + -25)))?
-108
What is the value of 102 - (63 + -30 + 2) - (5 + -1)?
63
What is the value of 3 - -3 - (-35 + 8)?
33
Calculate (-34 - -33) + -29 - (0 + 38).
-68
What is 10 + (-8 - (-3 + -3)) + -7 + 1?
2
1 + -5 + -78 - (-57 - (12 + -55))
-68
What is -4 - (-14 + (-6 - -12) - (16 + -3))?
17
What is the value of (349 - 328) + (-10 - 1) + 46?
56
Calculate (0 - 11 - (191 - 173)) + (4 - 1) + -5.
-31
Evaluate (2 - (-10 + -3)) + (9 + -23 - 37).
-36
What is 238 + (-82 - 149) - (-36 - -1)?
42
What is -23 + (7 - -2 - ((-24 - -59) + -30))?
-19
Calculate -327 + 328 + 2 + 1 - (0 + (-18 - -2)).
20
Evaluate -1 - -9 - ((-1 - -4) + (-53 - -53)).
5
What is -1 - (-1 - -5) - (1 - (-28 - -18))?
-16
What is the value of (-2 - -34) + (-3 - -62)?
91
Evaluate -2 - 21 - (8 + (-155 - -148)).
-24
Calculate (9 - (-11 - -4 - -15)) + -1 + -2.
-2
What is the value of (-52 - (30 - 27)) + 37?
-18
(1697 - 1712) + 1 + -2 + 66
50
What is (0 - 34) + -149 + 248 - (-3 - 2)?
70
What is 43 + (163 - (133 + -32))?
105
What is -1 + -12 + (1 - -11)?
-1
What is -19 + -25 + -9 - -26?
-27
What is (7 - 0) + (-34 - (-131 - -95))?
9
-83 + 77 + (6 - (3 - (-9 + 7)))
-5
80 + -58 - (6 - 31) - (0 + 12)
35
Calculate 47 - 0 - (4787 - 4741).
1
What is (21 - (28 + -64 + 66)) + (1 - 2)?
-10
Evaluate (78 - (165 + -17)) + 14 + 2 + -2.
-56
(-19 + 40 - (-2 - (-5 - 2) - 14)) + 3
33
Calculate 37 + -35 + (22 - -23).
47
Evaluate -24 + 12 - 5 - (0 + -25).
8
What is -41 - ((-78 - -95) + -36 + 0)?
-22
Calculate (-13 + 76 - 9) + -1 + -28.
25
Evaluate 7 + (-7 - -12 - 26) + 68.
54
-29 + (49 + -43 - (16 + (-4 - (3 - 2))))
-34
Calculate -71 - (67 - 136) - (-6 - -17).
-13
What is 12 - (10 + 5 + -4 + -6 + -3)?
10
What is -13 + (16 - -13) + 7 + 2?
25
65 - (-8 + 16 + (20 - 41) + 1 + 7)
70
What is the value of (10 - -35) + 5 - 25 - -6?
31
Calculate 36 + (-8 - -4) + (-3 + 21 - 19).
31
Evaluate -24 + (14 - (20 + -32)) + 54.
56
What is the value of 1 + (6 - 11) + 26 + 0 + -475 + 481?
28
What is -25 - ((-20 - (-25 + 13)) + (14 - 1) + 1)?
-31
What is the value of -82 - (90 - (85 - -36))?
-51
What is -13 - 0 - (-49 - (121 + -129))?
28
What is the value of -96 + 29 + -11 - -51?
-27
What is -15 - (220 - (93 - -47))?
-95
Calculate 35 - ((46 - 68 - -15) + 7 + -2 + 3).
34
Calculate 4 + 63 + -32 + -114.
-79
What is 118 + (-17 + (-32 - -17) + 18 - (-1 - 7))?
112
What is the value of -28 + 62 + -54 - -39?
19
Calculate -85 + -14 - (129 + -286).
58
What is the value of -14 - (-48 - -21) - (0 + 18)?
-5
What is the value of (-467